 z.
6
Let z be 0/1 + 0 + 49. Suppose 12*u - 18*u + 42 = 0. Calculate the highest common factor of z and u.
7
Let m(k) = -k**3 + 4*k**2 - 2*k + 2. Let o be m(3). Suppose -o*j + 658 + 427 = 0. What is the greatest common factor of j and 31?
31
Suppose -9*k + 7*k = -54. Calculate the greatest common divisor of 18 and k.
9
Let m = 2 - 2. Suppose m = -4*j + 2*j + 8. Let u = 0 - -4. Calculate the highest common factor of j and u.
4
Suppose -4*o + 36 = -0*o. Suppose w - 6 = o. What is the highest common divisor of 165 and w?
15
Let s(b) = b**3 - 12*b**2 - 14*b + 30. Let m be s(13). What is the highest common divisor of 17 and m?
17
Suppose 5*r - 16 - 2 = -2*x, 0 = 3*r - 2*x + 2. Calculate the greatest common divisor of r and 4.
2
Let r(b) = -b - b - 19 - 5*b + 5. Let i be r(-10). What is the greatest common factor of i and 8?
8
Let i(j) = 5*j**2 - 4*j - 4. Let p be i(4). What is the greatest common factor of p and 24?
12
Suppose 5*p = s + 17, 4*s - 5*s - 3*p = -23. What is the highest common factor of 32 and s?
8
Suppose 3*q + 2 = -n - 0*n, 5*q = -n - 4. What is the highest common divisor of n and 5?
1
Let h(x) = x**3 + 8*x**2 - 11*x - 10. Let i be h(-9). What is the highest common factor of 2 and i?
2
Suppose -3*a - 2*a + 129 = 3*x, 0 = 3*a - 2*x - 66. What is the highest common divisor of 192 and a?
24
Let m(i) = 23*i + 8. Let f be m(3). Suppose -6 - 22 = -4*d. What is the highest common divisor of f and d?
7
Let n(g) = g**2 - 3*g + 14. Let v be n(7). Let z(r) = 15*r - 2. Let l be z(2). Calculate the highest common divisor of v and l.
14
Let y(k) = 6*k + 5. Let a(w) = w + 1. Let c(z) = 14*a(z) - 2*y(z). Let v be c(-3). Let r = v + 12. Calculate the highest common factor of r and 10.
10
Suppose -g + 2*m = 41 - 125, -g - 3*m + 74 = 0. What is the highest common factor of g and 10?
10
Suppose 2*n = -i + 2, 0*i + 3*n = -4*i + 18. Suppose -8 = -h + 21. Let s = i + h. Calculate the greatest common factor of s and 7.
7
Let k = -10 - -23. Let w = -2 + 3. Let c = w + k. What is the highest common divisor of 154 and c?
14
Suppose -5*a = -m + 102, 5*a + 552 = 5*m + a. Let i be (9/(-2))/(8/(-16)). Let w = 23 - i. What is the greatest common factor of m and w?
14
Let m(u) = -2*u**3 - 8*u**2 - 7*u - 8. Let q be m(-6). Let n = -114 + q. Let g = 33 - 17. Calculate the greatest common divisor of g and n.
16
Suppose 3*n + 14 = 41. Calculate the highest common divisor of n and 9.
9
Let m(s) = -s**2 + 3*s + 9. Let u be m(4). Suppose -2*q - 173 = -3*h, 2*q + 295 = 5*h - 3*q. Calculate the greatest common factor of h and u.
5
Let d = -26 - 6. Let c = -23 - d. What is the highest common divisor of c and 6?
3
Suppose 2*v = 20 + 4. Calculate the greatest common divisor of v and 42.
6
Let s be -4*((-9)/(-3))/(-3). Calculate the highest common divisor of 32 and s.
4
Let v(r) = -r**3 - 7*r**2 + 7*r + 7. Let m be v(-8). Let j be ((-5)/m)/((-1)/18). What is the greatest common factor of 54 and j?
6
Let l(s) = -s**3 + 9*s**2 + 4*s - 4. Let o be l(9). What is the greatest common factor of 256 and o?
32
Let m = -1 + 5. Suppose 70 = m*t - 22. What is the greatest common divisor of 69 and t?
23
Suppose 2*o = 2*j - 18, -j = -2*o - 8 - 5. Calculate the greatest common factor of 20 and j.
5
Suppose 2*f + f + 5*g - 230 = 0, 0 = -4*f + 3*g + 268. Let r = 14 - 0. What is the highest common factor of f and r?
14
Let t(s) = s**3 + 2*s**2 - 4*s - 3. Let k be t(-3). Let f be 1*(k + 43) + -1. What is the greatest common factor of f and 63?
21
Let v be 135/10 - (-2)/(-4). Suppose v + 11 = f - 3*r, 3*f + r = 42. What is the greatest common factor of 5 and f?
5
Let s = -153 + 223. What is the highest common factor of s and 10?
10
Suppose 0 = p - 11 - 13. Let g = -14 + p. Let b be 4/5*15/6. Calculate the highest common divisor of b and g.
2
Let f be (-3 - (1 - 3))/(2/(-52)). Calculate the highest common factor of f and 130.
26
Let r = 6 - 2. Let y be 3/9 + 254/3. Suppose -5*t + 75 = -y. What is the highest common factor of r and t?
4
Let t(r) = 3*r**3 + 4*r**2 - 5*r + 3. Let l be t(3). What is the greatest common divisor of 15 and l?
15
Let z be ((-364)/42)/(2/3). Let d = z + 21. What is the highest common divisor of d and 12?
4
Let t = -129 + 139. What is the greatest common divisor of 4 and t?
2
Let o = -6 - -94. Suppose -59 + 4 = -5*v. What is the highest common factor of v and o?
11
Let i(d) = d + 3. Let j be i(9). What is the greatest common factor of 108 and j?
12
Let n = 8 + -6. Suppose 2 + 0 = -n*u. Let f(q) = 3*q**2 - q - 1. Let c be f(u). Calculate the highest common divisor of 1 and c.
1
Suppose 3*g - 409 - 239 = 0. What is the greatest common divisor of g and 24?
24
Let b = 61 - 43. Let q(g) = g**3 + 7*g**2 - 7*g - 6. Let a be q(-6). Calculate the greatest common divisor of b and a.
18
Let t(i) = 30*i - 6. Let z be t(8). What is the highest common divisor of z and 26?
26
Suppose 27 = -4*u + 5*u - 4*k, -2*k + 198 = 4*u. Let i = 87 - u. What is the greatest common divisor of 5 and i?
5
Suppose 2*y - 70 = -0*y. Suppose b = 5*o + 5*b - 29, -b + 6 = o. Calculate the greatest common factor of o and y.
5
Let j(q) = -2*q - 18. Let o be j(-13). Let x be 1/4 + 14/8. Suppose -o = x*c - 3*c. What is the greatest common factor of 20 and c?
4
Let w = 17 - 1. What is the greatest common factor of w and 144?
16
Let k = 13 - 9. Let j(q) = -q**3 + 4*q**2 - 2*q - 5. Let p be j(k). Let n = p + 21. What is the highest common divisor of 2 and n?
2
Let i = -116 + 214. Let o = 11 - -3. Calculate the greatest common divisor of i and o.
14
Let y(o) = -o**3 + o**2 + o + 27. Let x be y(0). What is the greatest common factor of 9 and x?
9
Suppose 3*w - 18 = -3. Let g be -4*(w/(-2) - -2). Suppose 0 = l, 2*h = g*l + 5 + 3. What is the greatest common divisor of h and 2?
2
Let m(d) = -2*d**3 + 16*d**2 - 5*d - 3. Let n be m(7). What is the greatest common factor of n and 24?
12
Let f be (1/(-1))/((-2)/4). Let k(h) = 13*h + f*h - 3 + 6. Let a be k(3). What is the greatest common divisor of a and 32?
16
Let m be (-22)/(-2) + 0 + -5. Suppose x - 401 = -5*h - 67, -178 = -3*h + 5*x. Calculate the greatest common factor of h and m.
6
Suppose -8*q + 117 + 3 = 0. Calculate the greatest common divisor of 45 and q.
15
Let n(y) = 8*y**2 - 4. Let x be n(-2). What is the greatest common factor of x and 70?
14
Let v be -2 + (-25)/(-5) + 23. Calculate the highest common divisor of 208 and v.
26
Suppose 214 = 8*x - 50. Calculate the greatest common divisor of x and 44.
11
Let p(x) = 98*x**2 - 2*x - 1. Let b be p(-1). Let t be ((-2)/(-4) + (-23)/(-23))*6. Calculate the greatest common divisor of t and b.
9
Suppose -5*r = -58 - 7. Let i(s) = s**3 + 9*s**2 + 6*s - 4. Let n be i(-7). What is the highest common divisor of n and r?
13
Let o(m) be the second derivative of -m**4/12 - 2*m**3 - m**2/2 + m. Let u be o(-5). What is the greatest common factor of 85 and u?
17
Let v be ((2 - 2)/2)/(-1). Suppose j - 3*y = -2, 5*j + v*j + 3*y = -46. Let q be ((-21)/28)/(2/j). What is the highest common divisor of q and 9?
3
Let q be 26/8 - 2/8. Suppose 7*j = 8*j - 1. Calculate the greatest common factor of q and j.
1
Let p(l) = l**3 + 5*l**2 + 4*l + 7. Let m be p(-4). Calculate the highest common divisor of 56 and m.
7
Suppose 0 = 4*l + 5*b - 21, 0*l = -l + 4*b. Suppose 0*t + l*u + 76 = 5*t, -81 = -5*t - u. What is the greatest common factor of 32 and t?
16
Let d(g) = -g**2 + 2*g - 3. Let l be d(3). Let p be ((-3)/6)/(1/l). Suppose 10 = v + p. Calculate the highest common divisor of v and 14.
7
Let h(c) = -7*c - 2. Let u be h(-3). Suppose -1368 = -5*a - 4*a. Calculate the greatest common factor of u and a.
19
Let q be (-1 + 3)*15/(-10). Let s = q - -10. Suppose -3*k = s - 4, 5*k = 2*m - 35. What is the highest common factor of 45 and m?
15
Let a = -80 - -44. Let h = a + 72. Calculate the highest common factor of h and 4.
4
Suppose 119 + 13 = 6*i. Calculate the greatest common factor of 44 and i.
22
Suppose 0*c + 3*c = 0. Suppose c*y + 16 = 2*y. Suppose 3*m + 12 = 4*m - t, -y = -2*t. What is the highest common factor of 16 and m?
16
Let c(t) = -60*t. Let y be c(-2). Let r = -11 - -29. Let j be (-2)/((3/r)/(-1)). What is the highest common divisor of y and j?
12
Let a = 42 + -20. Let l = 40 + a. Suppose -l = -5*d + f, -4*d + 26 = -2*d - f. Calcula